t is the tens digit of x?
8
What is the units digit of 41533 - 4 - (-2 - 5)?
6
Suppose 0 = 5*h - 15, y + h = 3*h + 1743. Suppose 8*t - 403 = y. What is the tens digit of t?
6
Let c(h) = -2*h + 2 - 12 + 23*h + 2*h**2. Let l be c(-17). Suppose -l - 143 = -2*k. What is the tens digit of k?
7
Suppose -4*o = p - 29693, p - 5606 = 2*o - 20445. What is the tens digit of o?
2
Suppose 5*v = 3*y + 35, -3*y + v - 3 = 4*v. What is the hundreds digit of -3 - 0/y - 538/(-1)?
5
Let x be (-123)/7*147/42*14. Let i = x - -1209. What is the tens digit of i?
4
Suppose -39*m = -169761 - 831993. What is the ten thousands digit of m?
2
Let k be 6 + -345*(-6)/(-9). Let y = -53 - k. What is the tens digit of y?
7
Let r(s) = 786*s + 409. What is the hundreds digit of r(18)?
5
Let b = 7 - 10. Let m be (-5 - b)*(1 - (-122)/(-4)). Suppose -61 - m = -4*d. What is the units digit of d?
0
Suppose 9 = k + o, -5*k + 2*o = o - 57. Suppose 0 = -5*c + 2*m + k, 4*m + 0 = 5*c - 7. What is the tens digit of (-65)/(-5) + (0 - c)?
1
Let q(x) = -2*x + 17. Let i(h) = -h + 1. Let o be i(-3). Let t be q(o). What is the hundreds digit of 15/(1/(-2 + t)) - -1?
1
Let w = 14103 - -13764. What is the units digit of w?
7
Let f(k) = 105*k**2 - k - 4. Let y be f(-3). Suppose 5*q - 4*v - y = 0, 4*q + 3*v = 5*v + 754. Let w = q + -102. What is the tens digit of w?
8
What is the thousands digit of 1038*-32*(-4)/24?
5
Suppose -3657 + 137 = -10*d. Suppose o + p - d = 0, p = 5*o - 0*p - 1784. What is the hundreds digit of o?
3
Let o = 76 - 72. Let q(v) = 4*v + 2. Let m be q(13). Suppose -5*i - 62 = -y, 5*y = o*y + i + m. What is the units digit of y?
2
Let z be ((-64)/80)/((0 - -1)/(-25)). Suppose z*o = 26026 - 746. What is the thousands digit of o?
1
What is the units digit of 593684/91 - (0 + 11)?
3
Suppose -2*w + 4*h + 8274 = -17938, -5*w + 5*h = -65550. What is the thousands digit of w?
3
Suppose 42*x = 87 + 39. What is the units digit of 7 - (-4 + x)*47?
4
Let g = -27 + 31. Let s(j) = 3*j**3 + j**2 - 2*j + 9. What is the tens digit of s(g)?
0
Suppose -9*f - 34829 = -162296. What is the ten thousands digit of f?
1
Let k = 282 + -297. What is the units digit of (526/6)/(-5 + (-80)/k)?
3
Suppose -5*m = 4852 - 13012. Suppose 5*j - m = -j. Suppose 4*z - 220 - j = 0. What is the tens digit of z?
2
What is the thousands digit of ((-78918)/(-48))/((-13)/(-104))?
3
Let q = -11 + 99. Let m be 230*1 - (165 + -171). Let o = m - q. What is the hundreds digit of o?
1
Suppose 2*o - 64 = 4*r, 0 = 5*o - 4*r - r - 135. Suppose 0 = -21*w + o*w - 290. Suppose 4*a = 414 + w. What is the tens digit of a?
7
Suppose -2*u = -4*o - 40165 - 1573, 4*u - 5*o = 83491. What is the thousands digit of u?
0
Let u = 51355 + -27909. What is the units digit of u?
6
Let g(u) = u**3 - 6*u**2 + 4*u + 16. Let d(q) = q**3 - 12*q**2 + 7*q + 31. Let n(t) = -3*d(t) + 5*g(t). What is the hundreds digit of n(5)?
3
Suppose -m + z - 2*z - 16 = 0, -4*m - 63 = 3*z. Let x(c) = -2*c**3 - 31*c**2 - 19*c + 16. What is the tens digit of x(m)?
7
Let j = 300 - 286. Suppose 12*n - 2566 = -4*w + j*n, -4*w = n - 2581. What is the tens digit of w?
4
Let p(z) = -z**3 + z**2 + 429. Let d(h) = 2*h**3 - 3*h**2 - h - 859. Let q(y) = 2*d(y) + 5*p(y). What is the hundreds digit of q(0)?
4
Suppose -b + 7294 = 4*q, 0 = 15*q - 13*q - b - 3644. Suppose 529 - q = -2*z. What is the hundreds digit of z?
6
Let x = -40 - -43. Suppose 0 = u - x*i - 0*i + 11, 3*i - 31 = -4*u. Suppose u*q - 847 = -311. What is the units digit of q?
4
Let h(c) = -2*c**2 + 9*c + 205. Let x be h(13). Let z = -160 + 227. Let f = x + z. What is the units digit of f?
1
Suppose 0 = -2*r - 1 + 9. Let i be (r/(-6))/1*-15. What is the tens digit of i/(0 + -5)*-23?
4
What is the units digit of 2*-4 + (-16)/(-8) + 5267?
1
Let m(y) = y**3 + 7*y**2 - y - 3. Suppose 6*a + 9 = -27. Let t be m(a). Suppose -t*h + 282 = -33*h. What is the units digit of h?
7
Suppose -5*s = x + 88, -28*x + 380 = -33*x - 5*s. Let i = x - -1602. What is the hundreds digit of i?
5
Let j(k) = -k**3 + 91*k**2 + 219*k - 575. What is the units digit of j(87)?
4
Let c be (21 - 5)/8 + 241*-1. Let g = 354 + c. Let n = 2 + g. What is the tens digit of n?
1
Let c(h) = 59*h**3 + 12*h**2 - 6*h + 9. Let o be c(3). Suppose -4*m + 5184 = o. What is the units digit of m?
3
Suppose 2053250 + 1125550 = 240*f. What is the units digit of f?
5
What is the hundreds digit of ((15061550/(-21))/(-25))/((-2)/(-3)) - -8?
0
Let b be ((-96)/(-30))/(-8)*-10. Suppose 4*z + 572 = 7*z - 4*d, -5*z = -b*d - 940. What is the units digit of z?
4
Suppose -t - d + 809 = 0, -2*t + 4*d + 1034 = -566. Suppose -43*z = -41*z - t. What is the units digit of z?
3
Let s = -405 + 408. Suppose -5*d + 1773 = 3*y, -1779 = -8*y + 5*y - s*d. What is the hundreds digit of y?
5
Suppose -15*l = -20*l + 17340. What is the thousands digit of l?
3
Let m be 478*((-14)/4)/1. Let s = 3031 + m. What is the units digit of s?
8
Suppose 6*n = 11*n + 10. What is the units digit of ((-1 - n)*-41)/(-2 - -1)?
1
Suppose 0 = -2*v - 2*d + 1460, 32*d + 3601 = 5*v + 30*d. What is the units digit of v?
3
Let s(p) = 2*p**2 + 5*p - 5. Let g be s(1). Suppose -25 - 1 = -g*x. What is the units digit of 506/8 - x/52?
3
Suppose -427*f = 4*j - 423*f - 17640, -4*j = -2*f - 17652. What is the tens digit of j?
1
What is the hundreds digit of 484722/21*((-3)/(-1) + 38/(-19))?
0
Suppose 5*m - 154445 = 5*r, -46*m = -43*m - 2*r - 92671. What is the units digit of m?
3
What is the tens digit of -4*(-24 - 3261 - -15)?
8
Let m = 13327 - -6826. What is the units digit of m?
3
Let g(q) = -6*q - 36. Let l be g(-8). Let w be (-6)/l*-2*-1292. What is the units digit of w/170*5/(-2)?
9
Let d(i) = i**3 - 9*i**2 - 10*i + 2. Let l be d(10). Suppose -l*c + 4*c = 258. Suppose 4*w + 0*m - c = -m, -5*w + m + 168 = 0. What is the units digit of w?
3
What is the hundreds digit of (-2649)/(-5) + 9 + (-2)/(-10)?
5
Let q be (2 - 181)/(2 - 3). Let v = 395 - q. What is the units digit of v?
6
What is the units digit of ((-301 - 10) + -7)/(7/(-1498)*2)?
6
Let y(q) = -q**3 - 8*q**2 - 7*q. Let t be y(-7). Suppose t = -2*p - 53 + 7. What is the tens digit of (p - 0)/(1/(-2))?
4
Suppose -2*n + 28*n = 12*n + 127582. What is the units digit of n?
3
Let j = 74 + -40. Let i = -30 + j. Suppose 747 = i*n + 51. What is the tens digit of n?
7
Let w be (2 - -1)*1 + -15 + 13. What is the tens digit of 2 + ((w - -1) + -6 - -383)?
8
Suppose 0 = -4*p + f + 8542 - 1334, 5419 = 3*p - 4*f. Suppose 4*b + p = 4*w - 623, 5 = 5*b. What is the hundreds digit of w?
6
Let m be (-20 - 515)*(-3 + 2). Suppose -m = -8*s - 31. What is the units digit of s?
3
Let m be 10/(-5) + -2 + 1. What is the units digit of -1 - -1044 - m/(-12)*4?
2
Suppose -18138 = -10*o + 10962. What is the units digit of o?
0
Let y = -423 - -463. Let w = 1218 + y. What is the units digit of w?
8
Let h(r) = 162*r - 47. Let o be h(-11). Let m = o + 3409. What is the tens digit of m?
8
Let h be 72/(-54) - (-31)/3. Suppose -5*c + 3514 = h*c. What is the units digit of c?
1
Let s(d) = d**2 - 2*d - 4. Let w be (-2 + 2)*1/3. Suppose -10*p + 6*p + 36 = w. What is the tens digit of s(p)?
5
Suppose 9*c = 4*c - 4*h + 1331, -4*h + 16 = 0. Suppose c = u - 279. What is the tens digit of u?
4
Let n(a) = -6*a**2 - 7*a - 14. Let r be n(-4). Let y = -75 - r. Suppose -y*o + 504 = -o. What is the tens digit of o?
8
Let b = 22 - -13. Let d be (-12)/(-10)*b/21. Suppose 0 = -5*a - 2*q + 205, -d*a = -3*q - 0*q - 101. What is the units digit of a?
3
Let m be 19 + -20 - 1*-1. Suppose m = -3*g + j + 491, -2*g - j + 330 = j. Suppose 4*b - 4*q - g = 0, q = 4*b - 57 - 92. What is the units digit of b?
6
Let m be 4/(-34) - (-96)/816. Suppose m = 5*k + 2*o - 128, 3*k - 2*o - 81 = o. What is the tens digit of k?
2
Let s be 3/9 + 205/(-3). Suppose 3*b = 276 + 153. Let v = s + b. What is the units digit of v?
5
Let b = -103 - -101. Let c be 4*(-5)/(-30)*(-3)/b. What is the hundreds digit of (1/c - 2)*(-165 + -11)?
1
Let u(a) = -a**3 + 20*a**2 - 11*a + 29. What is the hundreds digit of u(14)?
0
Suppose -867*z = -862*z + 10, 2*w - 71142 = 4*z. What is the tens digit of w?
6
Suppose 2*k - 917 = k + 2*r, 1834 = 2*k - 2*r. What is the units digit of k?
7
Suppose -891 = -2*j + 5*m, j + 1289 = 4*j + 2*m. Let b = 908 - j. What is the hundr